{"id":4256,"date":"2022-04-05T14:47:30","date_gmt":"2022-04-05T12:47:30","guid":{"rendered":"https:\/\/dz.smartnetmedia.rs\/?page_id=4256"},"modified":"2024-01-18T09:56:04","modified_gmt":"2024-01-18T08:56:04","slug":"stacionar","status":"publish","type":"page","link":"https:\/\/dzsvilajnac.com\/cir\/stacionar\/","title":{"rendered":"\u0421\u0442\u0430\u0446\u0438\u043e\u043d\u0430\u0440"},"content":{"rendered":"<div data-elementor-type=\"wp-page\" data-elementor-id=\"4256\" class=\"elementor elementor-4256\">\n\t\t\t\t\t\t\t\t\t<section class=\"elementor-section elementor-top-section elementor-element elementor-element-3bc2e45 elementor-section-boxed elementor-section-height-default elementor-section-height-default\" data-id=\"3bc2e45\" data-element_type=\"section\">\n\t\t\t\t\t\t<div class=\"elementor-container elementor-column-gap-default\">\n\t\t\t\t\t<div class=\"elementor-column elementor-col-100 elementor-top-column elementor-element elementor-element-4f81e9a\" data-id=\"4f81e9a\" data-element_type=\"column\">\n\t\t\t<div class=\"elementor-widget-wrap elementor-element-populated\">\n\t\t\t\t\t\t\t\t<div class=\"elementor-element elementor-element-4332f86 elementor-widget elementor-widget-text-editor\" data-id=\"4332f86\" data-element_type=\"widget\" data-widget_type=\"text-editor.default\">\n\t\t\t\t<div class=\"elementor-widget-container\">\n\t\t\t\t\t\t\t<p><span style=\"color: #000000;\"><strong>\u0421\u0442\u0430\u0446\u0438\u043e\u043d\u0430\u0440<\/strong><\/span><\/p>\n<p><span style=\"color: #000000;\">&nbsp;&nbsp;&nbsp;&nbsp;&nbsp;&nbsp; \u201cSRESKA BOLNICA \u201c U Svilajncu, dana\u0161nji stacionar , sagra\u0111enav&nbsp; je u periodu od 1906-1909 godine i otvorena je 01.11.1909 godine. Od osnivanja bolnica nije radila u periodu od 2000-2006. Godine, kada je izvr\u0161eno prvo renoviranje objekta. &nbsp;U junu 2006. Godine je ponovo otvorena sa 18 le\u017eajeva , 10 fondovskih i 8 komercijalnih.&nbsp; 2016. Godine objekat je ponovo rennoviran po najnovijim standardima za zdravstvene ustanove. Izgled objekta nije menjan od prvobitne izgradnje iz razloga \u0161to je pod za\u0161titom dr\u017eave kao spomenik kulture.<\/span><\/p>\n<p><span style=\"color: #000000;\"><img decoding=\"async\" loading=\"lazy\" class=\"alignnone size-medium wp-image-4374\" src=\"https:\/\/dz.smartnetmedia.rs\/wp-content\/uploads\/2022\/04\/STE_STC3-300x225.jpg\" alt=\"\" width=\"300\" height=\"225\" srcset=\"https:\/\/dzsvilajnac.com\/wp-content\/uploads\/2022\/04\/STE_STC3-300x225.jpg 300w, https:\/\/dzsvilajnac.com\/wp-content\/uploads\/2022\/04\/STE_STC3-1024x768.jpg 1024w, https:\/\/dzsvilajnac.com\/wp-content\/uploads\/2022\/04\/STE_STC3-768x576.jpg 768w, https:\/\/dzsvilajnac.com\/wp-content\/uploads\/2022\/04\/STE_STC3.jpg 1440w\" sizes=\"(max-width: 300px) 100vw, 300px\" \/> <img decoding=\"async\" loading=\"lazy\" class=\"alignnone size-medium wp-image-4375\" src=\"https:\/\/dz.smartnetmedia.rs\/wp-content\/uploads\/2022\/04\/STE_STC4-300x225.jpg\" alt=\"\" width=\"300\" height=\"225\" srcset=\"https:\/\/dzsvilajnac.com\/wp-content\/uploads\/2022\/04\/STE_STC4-300x225.jpg 300w, https:\/\/dzsvilajnac.com\/wp-content\/uploads\/2022\/04\/STE_STC4-1024x768.jpg 1024w, https:\/\/dzsvilajnac.com\/wp-content\/uploads\/2022\/04\/STE_STC4-768x576.jpg 768w, https:\/\/dzsvilajnac.com\/wp-content\/uploads\/2022\/04\/STE_STC4.jpg 1440w\" sizes=\"(max-width: 300px) 100vw, 300px\" \/>&nbsp;<\/span><\/p>\n<p><span style=\"color: #000000;\">\u0423 \u0441\u0440\u0442\u0430\u0446\u0438\u043e\u043d\u0430\u0440\u0443 \u0442\u0440\u0435\u043d\u0443\u0442\u043d\u043e \u0440\u0430\u0434\u0435:<\/span><\/p>\n<ul>\n<li><span style=\"color: #000000;\">Dr Valentina \u0110or\u0111evi\u0107, specijalista epidemiolog<\/span><\/li>\n<li><span style=\"color: #000000;\">Glavna sestra Violeta Pupovac<\/span><\/li>\n<li><span style=\"color: #000000;\">\u0410\u043d\u0438\u0442\u0430 \u041c\u0430\u0440\u0442\u0438\u045b, \u043d\u0443\u0442\u0440\u0438\u0446\u0438\u043e\u043d\u0438\u0441\u0442\u0430<\/span><\/li>\n<li><span style=\"color: #000000;\">\u0418\u0432\u0430\u043d\u0430 \u041a\u043e\u0440\u0434\u0438\u045b, \u043c\u0435\u0434. \u0421\u0435\u0441\u0442\u0440\u0430<\/span><\/li>\n<li><span style=\"color: #000000;\">\u0412\u0438\u043e\u043b\u0435\u0442\u0430 \u041f\u0443\u043f\u043e\u0432\u0430\u0446, \u043c\u0435\u0434. \u0421\u0435\u0441\u0442\u0440\u0430<\/span><\/li>\n<li><span style=\"color: #000000;\">\u041c\u0438\u043b\u0438\u0446\u0430 \u041a\u0440\u0441\u0442\u0435\u0441\u043a\u0438, \u043c\u0435\u0434. \u0421\u0435\u0441\u0442\u0440\u0430<\/span><\/li>\n<li><span style=\"color: #000000;\">\u0410\u043d\u0430 \u041c\u043b\u0430\u0434\u0435\u043d\u043e\u0432\u0438\u045b, \u043c\u0435\u0434. \u0421\u0435\u0441\u0442\u0440\u0430<\/span><\/li>\n<li><span style=\"color: #000000;\">\u041c\u0438\u0440\u0458\u0430\u043d\u0430 \u0402\u0443\u0440\u0438\u045b, \u043c\u0435\u0434. \u0421\u0435\u0441\u0442\u0440\u0430<\/span><\/li>\n<li><span style=\"color: #000000;\">\u0413\u043e\u0440\u0438\u0446\u0430 \u041f\u0430\u0443\u043d\u043e\u0432\u0438\u045b, \u043c\u0435\u0434. \u0421\u0435\u0441\u0442\u0440\u0430<\/span><\/li>\n<li><span style=\"color: #000000;\">\u0411\u043b\u0430\u0433\u0438\u0446\u0430 \u0411\u043e\u0433\u0438\u045b\u0435\u0432\u0438\u045b, \u043c\u0435\u0434. \u0441\u0435\u0441\u0442\u0440\u0430<\/span><\/li>\n<li><span style=\"color: #000000;\">\u041c\u0438\u043b\u043a\u0430 \u041c\u0440\u043a\u0438\u045b, \u043c\u0435\u0434. \u0441\u0435\u0441\u0442\u0440\u0430<\/span><\/li>\n<li><span style=\"color: #000000;\">\u041b\u0438\u0434\u0438\u0458\u0430 \u041c\u0438\u043b\u0443\u0442\u0438\u043d\u043e\u0432\u0438\u045b, \u043c\u0435\u0434. \u0441\u0435\u0441\u0442\u0440\u0430<\/span><\/li>\n<\/ul>\n<p><span style=\"color: #000000;\">\u0423 \u0441\u043c\u0435\u043d\u0438 \u0441\u0443 \u043f\u043e \u0434\u0432\u0435 \u043c\u0435\u0434\u0438\u0446\u0438\u043d\u0441\u043a\u0435 \u0441\u0435\u0441\u0442\u0440\u0435.<\/span><\/p>\n<p><span style=\"color: #000000;\">Stacionar radi 24 \u010dasova dnevno. Doktor radi radnim danima&nbsp; od 07-15 \u010dasova<\/span><\/p>\n<p><span style=\"color: #000000;\">\u0422\u0435\u043b : 035\/323 949.<\/span><\/p>\n<p><span style=\"color: #000000;\">\u0418\u043d\u0444\u043e\u0440\u043c\u0430\u0446\u0438\u0458\u0435 \u043e \u0441\u0442\u0430\u045a\u0443 \u043f\u0430\u0446\u0438\u0458\u0435\u043d\u0430\u0442\u0430 \u0441\u0443 \u0440\u0430\u0434\u043d\u0438\u043c \u0434\u0430\u043d\u0438\u043c\u0430 \u043e\u0434 11-14 \u0447\u0430\u0441\u043e\u0432\u0430.<\/span><\/p>\t\t\t\t\t\t<\/div>\n\t\t\t\t<\/div>\n\t\t\t\t<div class=\"elementor-element elementor-element-c99713e gallery-spacing-custom elementor-widget elementor-widget-image-gallery\" data-id=\"c99713e\" data-element_type=\"widget\" data-widget_type=\"image-gallery.default\">\n\t\t\t\t<div class=\"elementor-widget-container\">\n\t\t\t\t\t<div class=\"elementor-image-gallery\">\n\t\t\t\n\t\t\t<style type='text\/css'>\n\t\t\t\t#gallery-1 {\n\t\t\t\t\tmargin: auto;\n\t\t\t\t}\n\t\t\t\t#gallery-1 .gallery-item {\n\t\t\t\t\tfloat: left;\n\t\t\t\t\tmargin-top: 10px;\n\t\t\t\t\ttext-align: center;\n\t\t\t\t\twidth: 25%;\n\t\t\t\t}\n\t\t\t\t#gallery-1 img {\n\t\t\t\t\tborder: 2px solid #cfcfcf;\n\t\t\t\t}\n\t\t\t\t#gallery-1 .gallery-caption {\n\t\t\t\t\tmargin-left: 0;\n\t\t\t\t}\n\t\t\t\t\/* see gallery_shortcode() in wp-includes\/media.php *\/\n\t\t\t<\/style>\n\t\t<div id='gallery-1' class='dt-gallery-container gallery galleryid-4256 gallery-columns-4 gallery-size-medium_large'><dl class='gallery-item'>\n\t\t\t\t<dt class='gallery-icon landscape'>\n\t\t\t\t\t<a class=\"rollover rollover-zoom dt-pswp-item\" title=\"STE_STC1\" data-dt-img-description=\"\" data-large_image_width=\"1440\" data-large_image_height=\"1080\" href='https:\/\/dzsvilajnac.com\/wp-content\/uploads\/2022\/04\/STE_STC1.jpg'><img width=\"768\" height=\"576\" src=\"https:\/\/dzsvilajnac.com\/wp-content\/uploads\/2022\/04\/STE_STC1-768x576.jpg\" class=\"attachment-medium_large size-medium_large\" alt=\"\" decoding=\"async\" loading=\"lazy\" srcset=\"https:\/\/dzsvilajnac.com\/wp-content\/uploads\/2022\/04\/STE_STC1-768x576.jpg 768w, https:\/\/dzsvilajnac.com\/wp-content\/uploads\/2022\/04\/STE_STC1-300x225.jpg 300w, https:\/\/dzsvilajnac.com\/wp-content\/uploads\/2022\/04\/STE_STC1-1024x768.jpg 1024w, https:\/\/dzsvilajnac.com\/wp-content\/uploads\/2022\/04\/STE_STC1.jpg 1440w\" sizes=\"(max-width: 768px) 100vw, 768px\" \/><\/a>\n\t\t\t\t<\/dt><\/dl><dl class='gallery-item'>\n\t\t\t\t<dt class='gallery-icon landscape'>\n\t\t\t\t\t<a class=\"rollover rollover-zoom dt-pswp-item\" title=\"STE_STC2\" data-dt-img-description=\"\" data-large_image_width=\"1440\" data-large_image_height=\"1080\" href='https:\/\/dzsvilajnac.com\/wp-content\/uploads\/2022\/04\/STE_STC2.jpg'><img width=\"768\" height=\"576\" src=\"https:\/\/dzsvilajnac.com\/wp-content\/uploads\/2022\/04\/STE_STC2-768x576.jpg\" class=\"attachment-medium_large size-medium_large\" alt=\"\" decoding=\"async\" loading=\"lazy\" srcset=\"https:\/\/dzsvilajnac.com\/wp-content\/uploads\/2022\/04\/STE_STC2-768x576.jpg 768w, https:\/\/dzsvilajnac.com\/wp-content\/uploads\/2022\/04\/STE_STC2-300x225.jpg 300w, https:\/\/dzsvilajnac.com\/wp-content\/uploads\/2022\/04\/STE_STC2-1024x768.jpg 1024w, https:\/\/dzsvilajnac.com\/wp-content\/uploads\/2022\/04\/STE_STC2.jpg 1440w\" sizes=\"(max-width: 768px) 100vw, 768px\" \/><\/a>\n\t\t\t\t<\/dt><\/dl>\n\t\t\t\t<br style='clear: both' \/>\n\t\t\t<\/div>\n\t\t<\/div>\n\t\t\t\t<\/div>\n\t\t\t\t<\/div>\n\t\t\t\t\t<\/div>\n\t\t<\/div>\n\t\t\t\t\t\t\t<\/div>\n\t\t<\/section>\n\t\t\t\t\t\t\t<\/div>","protected":false},"excerpt":{"rendered":"<p>Stacionar &nbsp;&nbsp;&nbsp;&nbsp;&nbsp;&nbsp; \u201cSRESKA BOLNICA \u201c U Svilajncu, dana\u0161nji stacionar , sagra\u0111enav&nbsp; je u periodu od 1906-1909 godine i otvorena je 01.11.1909 godine. Od osnivanja bolnica nije radila u periodu od 2000-2006. Godine, kada je izvr\u0161eno prvo renoviranje objekta. &nbsp;U junu 2006. Godine je ponovo otvorena sa 18 le\u017eajeva , 10 fondovskih i 8 komercijalnih.&nbsp; 2016.&hellip;<\/p>","protected":false},"author":1,"featured_media":0,"parent":0,"menu_order":0,"comment_status":"closed","ping_status":"closed","template":"","meta":[],"_links":{"self":[{"href":"https:\/\/dzsvilajnac.com\/cir\/wp-json\/wp\/v2\/pages\/4256"}],"collection":[{"href":"https:\/\/dzsvilajnac.com\/cir\/wp-json\/wp\/v2\/pages"}],"about":[{"href":"https:\/\/dzsvilajnac.com\/cir\/wp-json\/wp\/v2\/types\/page"}],"author":[{"embeddable":true,"href":"https:\/\/dzsvilajnac.com\/cir\/wp-json\/wp\/v2\/users\/1"}],"replies":[{"embeddable":true,"href":"https:\/\/dzsvilajnac.com\/cir\/wp-json\/wp\/v2\/comments?post=4256"}],"version-history":[{"count":16,"href":"https:\/\/dzsvilajnac.com\/cir\/wp-json\/wp\/v2\/pages\/4256\/revisions"}],"predecessor-version":[{"id":4986,"href":"https:\/\/dzsvilajnac.com\/cir\/wp-json\/wp\/v2\/pages\/4256\/revisions\/4986"}],"wp:attachment":[{"href":"https:\/\/dzsvilajnac.com\/cir\/wp-json\/wp\/v2\/media?parent=4256"}],"curies":[{"name":"wp","href":"https:\/\/api.w.org\/{rel}","templated":true}]}}