{"id":4233,"date":"2022-04-05T14:43:12","date_gmt":"2022-04-05T12:43:12","guid":{"rendered":"https:\/\/dz.smartnetmedia.rs\/?page_id=4233"},"modified":"2025-02-25T09:09:47","modified_gmt":"2025-02-25T08:09:47","slug":"opsta-medicina","status":"publish","type":"page","link":"https:\/\/dzsvilajnac.com\/cir\/opsta-medicina\/","title":{"rendered":"\u041e\u043f\u0448\u0442\u0430 \u043c\u0435\u0434\u0438\u0446\u0438\u043d\u0430"},"content":{"rendered":"<div data-elementor-type=\"wp-page\" data-elementor-id=\"4233\" class=\"elementor elementor-4233\">\n\t\t\t\t\t\t\t\t\t<section class=\"elementor-section elementor-top-section elementor-element elementor-element-6bd1864 elementor-section-boxed elementor-section-height-default elementor-section-height-default\" data-id=\"6bd1864\" data-element_type=\"section\">\n\t\t\t\t\t\t<div class=\"elementor-container elementor-column-gap-default\">\n\t\t\t\t\t<div class=\"elementor-column elementor-col-100 elementor-top-column elementor-element elementor-element-f51ef5f\" data-id=\"f51ef5f\" data-element_type=\"column\">\n\t\t\t<div class=\"elementor-widget-wrap elementor-element-populated\">\n\t\t\t\t\t\t\t\t<div class=\"elementor-element elementor-element-2113717 elementor-widget elementor-widget-text-editor\" data-id=\"2113717\" data-element_type=\"widget\" data-widget_type=\"text-editor.default\">\n\t\t\t\t<div class=\"elementor-widget-container\">\n\t\t\t\t\t\t\t<p><strong>\u00a0\u00a0 \u0421\u041b\u0423\u0416\u0411\u0410 \u0417\u0410 \u0417\u0414\u0420\u0410\u0412\u0421\u0422\u0412\u0415\u041d\u0423 \u0417\u0410\u0428\u0422\u0418\u0422\u0423 \u041e\u0414\u0420\u0410\u0421\u041b\u041e\u0413 \u0421\u0422\u0410\u041d\u041e\u0412\u041d\u0418\u0428\u0422\u0412\u0410<\/strong><\/p><p>\u0421\u043b\u0443\u0436\u0431\u0430 \u043e\u043f\u0448\u0442\u0435 \u043c\u0435\u0434\u0438\u0446\u0438\u043d\u0435 \u043f\u0440\u043e\u043c\u043e\u0432\u0438\u0448\u0435 \u0437\u0434\u0440\u0430\u0432\u0459\u0435 \u0438 \u043f\u043e\u0441\u0435\u0431\u043d\u043e \u0458\u0435 \u043e\u0434\u0433\u043e\u0432\u043e\u0440\u043d\u0430 \u0437\u0430 \u0437\u0434\u0440\u0430\u0432\u0459\u0435 \u0437\u0430\u0458\u0435\u0434\u043d\u0438\u0446\u0435. \u041f\u0440\u0438\u043c\u0430\u0440\u043d\u0443 \u0437\u0434\u0440\u0430\u0432.\u0437\u0430\u0448\u0442\u0438\u0442\u0443 \u0443 \u0441\u043b\u0443\u0436\u0431\u0438 \u043e\u043f\u0448\u0442\u0435 \u043c\u0435\u0434\u0438\u0446\u0438\u043d\u0435 \u0433\u0440\u0430\u0452\u0430\u043d\u0438 \u043e\u0441\u0442\u0432\u0430\u0440\u0443\u0458\u0443 \u043f\u0440\u0435\u043a\u043e \u0438\u0437\u0430\u0431\u0440\u0430\u043d\u043e\u0433 \u043b\u0435\u043a\u0430\u0440\u0430 \u043a\u043e\u0458\u0438 \u0440\u0430\u0434\u0438 \u0443 \u0442\u0438\u043c\u0443 \u0441\u0430 \u043c\u0435\u0434\u0438\u0446\u0438\u043d\u0441\u043a\u043e\u043c \u0441\u0435\u0441\u0442\u0440\u043e\u043c.<\/p><p>\u041f\u0430\u0446\u0438\u0458\u0435\u043d\u0442\u0438\u043c\u0430 \u0458\u0435 \u043e\u043c\u043e\u0433\u0443\u045b\u0435\u043d\u043e \u0442\u0435\u043b\u0435\u0444\u043e\u043d\u0441\u043a\u043e \u0437\u0430\u043a\u0430\u0437\u0438\u0432\u0430\u045a\u0435 \u043f\u0440\u0435\u0433\u043b\u0435\u0434\u0430, \u043a\u043e\u043d\u0442\u0440\u043e\u043b\u0430 \u0438 \u043f\u043e\u0441\u0435\u0442\u0430 \u0440\u0430\u0434\u0438 \u043f\u0440\u043e\u0434\u0443\u0436\u0435\u045a\u0430 \u0442\u0435\u0440\u0430\u043f\u0438\u0458\u0435 \u0437\u0430 \u0445\u0440\u043e\u043d\u0438\u0447\u043d\u0435 \u0431\u043e\u043b\u0435\u0441\u0442\u0438, \u043a\u043e\u043d\u0441\u0443\u0442\u0430\u0446\u0438\u0458\u0435 \u0441\u0430 \u0441\u0432\u043e\u0458\u0438\u043c \u0438\u0437\u0430\u0431\u0440\u0430\u043d\u0438\u043c \u0434\u043e\u043a\u0442\u043e\u0440\u043e\u043c \u0438 \u0441\u0435\u0441\u0442\u0440\u043e\u043c. \u041d\u0430 \u0442\u0430\u0458 \u043d\u0430\u0447\u0438\u043d \u043f\u043e\u0441\u0442\u0438\u0436\u0435 \u0441\u0435 \u0431\u0440\u0436\u0438 \u0438 \u0435\u0444\u0438\u043a\u0430\u0441\u043d\u0438\u0458\u0438 \u0440\u0430\u0434 \u0444\u043e\u043a\u0443\u0441\u0438\u0440\u0430\u043d \u043d\u0430 \u043b\u0438\u0447\u043d\u043e\u0441\u0442\u0438 \u0441\u0430 \u0446\u0438\u0459\u0435\u043c \u0434\u0430 \u0441\u0435 \u043f\u043e\u0431\u043e\u0459\u0448\u0430 \u0437\u0434\u0440\u0430\u0432\u0441\u0442\u0432\u0435\u043d\u043e \u0441\u0442\u0430\u045a\u0435 \u0441\u0442\u0430\u043d\u043e\u0432\u043d\u0438\u0448\u0442\u0432\u0430 \u0438 \u0440\u0430\u0437\u0432\u0438\u0458\u0435 \u0430\u043a\u0442\u0438\u0432\u0430\u043d \u043f\u0440\u0438\u0441\u0442\u0443\u043f \u043a\u0430 \u043f\u043e\u0458\u0435\u0434\u0438\u043d\u0446\u0443 \u0438 \u043f\u043e\u0432\u0435\u0446\u0430 \u0437\u0430\u0434\u043e\u0432\u043e\u0459\u0441\u0442\u0432\u043e \u043a\u043e\u0440\u0438\u0441\u043d\u0438\u043a\u0430.<\/p><p><strong>\u041d\u0430\u0447\u0435\u043b\u043d\u0438\u043a \u0441\u043b\u0443\u0436\u0431\u0435 \u043e\u043f\u0448\u0442\u0435 \u043c\u0435\u0434\u0438\u0446\u0438\u043d\u0435:\u00a0\u00a0<\/strong>dr Ljiljana Jovanovi\u0107, specijalista op\u0161te medicine<\/p><p><strong>\u0413\u043b\u0430\u0432\u043d\u0430 \u0441\u0435\u0441\u0442\u0440\u0430:\u00a0<\/strong>Ankica Kristivojevi\u0107<\/p><p><strong>\u0420\u0430\u0434\u043d\u043e \u0432\u0440\u0435\u043c\u0435:\u00a0<\/strong><\/p><p>\u0441\u043b\u0443\u0436\u0431\u0435 \u043e\u043f\u0448\u0442\u0435 \u043c\u0435\u0434\u0438\u0446\u0438\u043d\u0435: \u043e\u0434 7- 20\u0447 \u0443 \u0434\u0432\u0435 \u0441\u043c\u0435\u043d\u0435 \u0440\u0430\u0434\u043d\u0438\u043c \u0434\u0430\u043d\u0438\u043c\u0430<\/p><p>subotom: od 8-18h, nedeljom od 8-18h<\/p><p>\u0421\u043b\u0443\u0436\u0431\u0430 \u043e\u043f\u0448\u0442\u0435 \u043c\u0435\u0434\u0438\u0446\u0438\u043d\u0435 \u043e\u0440\u0433\u0430\u043d\u0438\u0437\u0443\u0458\u0435 \u0440\u0430\u0434 \u0443 \u0414\u0417 \u0421\u0432\u0438\u043b\u0430\u0458\u043d\u0430\u0446- \u043f\u0440\u0438\u0437\u0435\u043c\u0459\u0435<\/p><p><strong>Skrininzi se zakazuju na broj telefona 062\/657225<\/strong><\/p><p><strong>\u0426\u0435\u043d\u0442\u0440\u0430\u043b\u043d\u0438 \u0448\u0430\u043b\u0442\u0435\u0440: <\/strong>\u0431\u0440. \u0422\u0435\u043b\u0435\u0444\u043e\u043d\u0430 035\/321-130<\/p><p><strong>\u00a0 \u00a0\u0428\u0430\u043b\u0442\u0435\u0440 1.\u00a0<\/strong><\/p><p>\u00a0 \u00a0\u0431\u0440. \u0422\u0435\u043b.\u00a0\u00a0 062\/657-616 \u0437\u0430: <strong>dr Ljiljana Jovanovi\u0107<\/strong><\/p><p><strong>\u00a0 \u00a0 \u00a0 \u00a0 \u00a0 \u00a0 \u00a0 \u00a0 \u00a0 \u00a0 \u00a0 \u00a0 \u00a0 \u00a0 \u00a0 \u00a0 \u00a0 \u00a0 \u00a0 \u00a0 \u00a0 \u00a0 \u00a0 \u00a0 \u00a0 \u00a0 \u00a0 \u00a0 \u00a0 \u00a0 \u00a0\u0434\u0440 \u041c\u0430\u0440\u0438\u043d\u0430 \u0426\u0432\u0435\u0442\u043a\u043e\u0432\u0438\u045b<\/strong><\/p><p><strong>\u00a0\u00a0 \u0428\u0430\u043b\u0442\u0435\u0440 2.<\/strong>\u00a0<\/p><p>\u00a0 \u0431\u0440. \u0422\u0435\u043b.\u00a0\u00a0 062\/601-153 \u0437\u0430: <strong>dr Milena Vukoi\u010di\u0107<\/strong><\/p><p><strong>\u00a0\u00a0\u00a0\u00a0\u00a0\u00a0\u00a0\u00a0\u00a0\u00a0\u00a0\u00a0\u00a0\u00a0\u00a0\u00a0\u00a0\u00a0\u00a0\u00a0\u00a0\u00a0\u00a0\u00a0\u00a0\u00a0\u00a0\u00a0\u00a0\u00a0\u00a0\u00a0\u00a0\u00a0\u00a0\u00a0\u00a0\u00a0\u00a0\u00a0\u00a0\u00a0\u00a0\u00a0\u00a0\u00a0\u00a0\u00a0\u00a0\u00a0\u00a0\u00a0\u00a0\u00a0\u00a0\u00a0\u00a0\u00a0 dr Srbijanka \u0110or\u0111evi\u0107<\/strong><\/p><p><strong>\u00a0\u00a0 \u0428\u0430\u043b\u0442\u0435\u0440 3.\u00a0<\/strong><\/p><p>\u00a0 \u0431\u0440. \u0422\u0435\u043b\u00a0\u00a0\u00a0 062\/657-298 \u0437\u0430: <strong>\u0434\u0440 \u0418\u0432\u0430\u043d\u0430 \u0428\u043e\u0448\u0438\u045b<\/strong><\/p><p><strong>\u00a0 \u00a0 \u00a0 \u00a0 \u00a0 \u00a0 \u00a0 \u00a0 \u00a0 \u00a0 \u00a0 \u00a0 \u00a0 \u00a0 \u00a0 \u00a0 \u00a0 \u00a0 \u00a0 \u00a0 \u00a0 \u00a0 \u00a0 \u00a0 \u00a0 \u00a0 \u00a0 \u00a0 \u00a0 \u00a0 \u00a0dr Milena Milosavljevi\u0107<\/strong><\/p><p><strong>\u00a0\u00a0 \u0428\u0430\u043b\u0442\u0435\u0440 4.\u00a0<\/strong><\/p><p>\u00a0 \u0431\u0440. \u0422\u0435\u043b\u00a0\u00a0\u00a0 035\/321-424\u00a0 \u00a0 \u00a0\u00a0<br \/><span style=\"color: var(--the7-base-color); letter-spacing: var(--the7-base-letter-spacing); text-transform: var(--the7-base-text-transform); word-spacing: normal;\">\u00a0 \u041e\u0434\u0441\u0435\u043a \u043c\u0435\u0434\u0438\u0446\u0438\u043d\u0430 \u0440\u0430\u0434\u0430\u00a0<\/span><\/p><p><span style=\"color: var(--the7-base-color); letter-spacing: var(--the7-base-letter-spacing); text-transform: var(--the7-base-text-transform); word-spacing: normal;\">069\/165. 7133.\u00a0<\/span><span style=\"color: var(--the7-base-color); letter-spacing: var(--the7-base-letter-spacing); text-transform: var(--the7-base-text-transform); word-spacing: normal;\">\u0437\u0430 <\/span><strong style=\"color: var(--the7-base-color); letter-spacing: var(--the7-base-letter-spacing); text-transform: var(--the7-base-text-transform); word-spacing: normal;\">\u0434\u0440 \u0408\u0430\u0434\u0440\u0430\u043d\u043a\u0430 \u0412\u0435\u043b\u0438\u0447\u043a\u043e\u0432\u0438\u045b<\/strong><\/p><p><strong>\u00a0 \u00a0 \u00a0 \u00a0 \u00a0 \u00a0 \u00a0 \u00a0 \u00a0 \u00a0 \u00a0 \u00a0 \u00a0 \u00a0 \u00a0 \u00a0 \u00a0 \u00a0 \u00a0 \u00a0 \u00a0\u0434\u0440 \u0421\u0432\u0435\u0442\u043b\u0430\u043d\u0430 \u0408\u043e\u0432\u0430\u043d\u043e\u0432\u0438\u045b \u0421\u0442\u0430\u043d\u043a\u043e\u0432\u0438\u045b<\/strong><\/p><p><strong> <img decoding=\"async\" loading=\"lazy\" class=\"alignnone size-medium wp-image-4603\" src=\"https:\/\/dz.smartnetmedia.rs\/wp-content\/uploads\/2022\/04\/STE_OPS4-300x225.jpg\" alt=\"\" width=\"300\" height=\"225\" srcset=\"https:\/\/dzsvilajnac.com\/wp-content\/uploads\/2022\/04\/STE_OPS4-300x225.jpg 300w, https:\/\/dzsvilajnac.com\/wp-content\/uploads\/2022\/04\/STE_OPS4-1024x768.jpg 1024w, https:\/\/dzsvilajnac.com\/wp-content\/uploads\/2022\/04\/STE_OPS4-768x576.jpg 768w, https:\/\/dzsvilajnac.com\/wp-content\/uploads\/2022\/04\/STE_OPS4.jpg 1440w\" sizes=\"(max-width: 300px) 100vw, 300px\" \/> <img decoding=\"async\" loading=\"lazy\" class=\"alignnone size-medium wp-image-4604\" src=\"https:\/\/dz.smartnetmedia.rs\/wp-content\/uploads\/2022\/04\/STE_OPS5-300x225.jpg\" alt=\"\" width=\"300\" height=\"225\" srcset=\"https:\/\/dzsvilajnac.com\/wp-content\/uploads\/2022\/04\/STE_OPS5-300x225.jpg 300w, https:\/\/dzsvilajnac.com\/wp-content\/uploads\/2022\/04\/STE_OPS5-1024x768.jpg 1024w, https:\/\/dzsvilajnac.com\/wp-content\/uploads\/2022\/04\/STE_OPS5-768x576.jpg 768w, https:\/\/dzsvilajnac.com\/wp-content\/uploads\/2022\/04\/STE_OPS5.jpg 1440w\" sizes=\"(max-width: 300px) 100vw, 300px\" \/><\/strong><\/p><p>\u0423 \u043e\u043a\u0432\u0438\u0440\u0443 \u043e\u0434\u0441\u0435\u043a\u0430 \u043c\u0435\u0434\u0438\u0446\u0438\u043d\u0435 \u0440\u0430\u0434\u0430 \u0440\u0430\u0434\u0435 \u0441\u0435:<\/p><p><strong>\u00a0\u00a0\u00a0\u00a0\u00a0\u00a0\u00a0 \u043f\u0440\u0435\u0442\u0445\u043e\u0434\u043d\u0438 \u0438 \u043f\u0435\u0440\u0438\u043e\u0434\u0438\u0447\u043d\u0438 \u043b\u0435\u043a\u0430\u0440\u0441\u043a\u0438 \u043f\u0440\u0435\u0433\u043b\u0435\u0434\u0438<\/strong><\/p><p><strong>\u00a0\u00a0\u00a0\u00a0\u00a0\u00a0\u00a0 \u0441\u0432\u0435 \u0432\u0440\u0441\u0442\u0435 \u043b\u0435\u043a\u0430\u0440\u0441\u043a\u0438\u0445 \u0443\u0432\u0435\u0440\u0435\u045a\u0430 \u0441\u0432\u0430\u043a\u043e\u0434\u043d\u0435\u0432\u043d\u043e<\/strong><\/p><p><strong>\u00a0 \u00a0 \u00a0 \u00a0 Lekarska uverenja za voza\u010de i oru\u017eje sredom i \u010detvrtkom od 13h<\/strong><\/p><p><strong>\u00a0<\/strong><\/p><ol><li><strong>AMBULANTA KU\u0160ILJEVO\u00a0\u00a0\u00a0\u00a0\u00a0\u00a0\u00a0 <\/strong>\u0422\u0415\u041b: 035\/8331-017\u00a0 \u00a0 \u00a0 \u00a0\u00a0<strong>Dr Dejan \u017divanovi\u0107<\/strong><\/li><li><strong>\u0410\u041c\u0411\u0423\u041b\u0410\u041d\u0422\u0410 \u0421\u0415\u0414\u041b\u0410\u0420\u0415\u00a0\u00a0\u00a0\u00a0\u00a0\u00a0\u00a0\u00a0\u00a0\u00a0\u00a0 <\/strong>\u0422\u0415\u041b:\u00a0 03578818-112\u00a0 \u00a0 \u00a0 \u00a0 \u00a0<strong>\u0414\u0440 \u041d\u0435\u043d\u0430\u0434 \u0411\u0438\u043e\u0440\u0430\u0446<\/strong><\/li><li><strong>\u0410\u041c\u0411\u0423\u041b\u0410\u041d\u0422\u0410 \u0411\u041e\u0411\u041e\u0412\u041e\u00a0\u00a0\u00a0\u00a0\u00a0\u00a0\u00a0\u00a0\u00a0\u00a0\u00a0\u00a0\u00a0 <\/strong>\u0422\u0415\u041b: 035\/8332-101\u00a0 \u00a0 \u00a0 \u00a0<strong>Dr Aleksandra Gogi\u0107<\/strong><\/li><li><strong>\u0410\u041c\u0411\u0423\u041b\u0410\u041d\u0422\u0410 \u0412\u041e\u0408\u0421\u041a\u0410\u00a0\u00a0\u00a0\u00a0\u00a0\u00a0\u00a0\u00a0\u00a0\u00a0\u00a0\u00a0\u00a0\u00a0 \u00a0<\/strong>\u0422\u0415\u041b: 035\/8339-037\u00a0\u00a0\u00a0\u00a0\u00a0<strong>Dr Jasna Milosavljevi\u0107<\/strong><\/li><li><strong>\u0410\u041c\u0411\u0423\u041b\u0410\u041d\u0422\u0410 \u0413\u0420\u0410\u0411\u041e\u0412\u0410\u0426\u00a0\u00a0\u00a0\u00a0\u00a0\u00a0\u00a0\u00a0 <\/strong>TE\u041b: 035\/657-903\u00a0\u00a0\u00a0\u00a0\u00a0\u00a0\u00a0<strong>Dr Marija Vukomanovi\u0107<\/strong><\/li><\/ol><p><span style=\"color: #000000;\">\u00a0\u00a0\u00a0 \u0423 \u043e\u043a\u0432\u0438\u0440\u0443 \u0441\u043b\u0443\u0436\u0431\u0435 \u043e\u043f\u0448\u0442\u0435 \u043c\u0435\u0434\u0438\u0446\u0438\u043d\u0435 \u0458\u0435 \u0438 \u043e\u0434\u0441\u0435\u043a \u041a\u0423\u040b\u041d\u041e\u0413 \u041b\u0415\u0427\u0415\u040a\u0410 \u0418 \u041d\u0415\u0413\u0415 \u0422\u0415\u041b:063\/1032-571, \u0421\u041a\u041b \u043e\u0440\u0433\u0430\u043d\u0438\u0437\u0443\u0458\u0435 \u0438 \u0441\u043f\u0440\u043e\u0432\u043e\u0434\u0438 \u043b\u0435\u0447\u0435\u045a\u0435 \u0438 \u0437\u0434\u0440\u0430\u0432\u0441\u0442\u0432\u0435\u043d\u0443 \u043d\u0435\u0433\u0443 \u0438 \u043f\u0430\u043b\u0438\u0458\u0430\u0442\u0438\u0432\u043d\u043e \u0437\u0431\u0440\u0438\u045a\u0430\u0432\u0430\u045a\u0435 \u0443 \u043a\u0443\u045b\u043d\u0438\u043c \u0443\u0441\u043b\u043e\u0432\u0438\u043c\u0430 \u043f\u0430\u0446\u0438\u0458\u0435\u043d\u0430\u0442\u0430 \u043a\u043e\u0458\u0438 \u0441\u0443 \u043d\u0435\u043f\u043e\u043a\u0440\u0435\u0442\u043d\u0438 \u043a\u0430\u043e \u0438 \u043f\u0430\u0446\u0438\u0458\u0435\u043d\u0430\u0442\u0430 \u043a\u043e\u0458\u0438 \u0441\u0443 \u0443 \u0442\u0435\u0440\u043c\u0438\u043d\u0430\u043b\u043d\u043e\u0458 \u0444\u0430\u0437\u0438 \u0431\u043e\u043b\u0435\u0441\u0442\u0438 \u043d\u0430 \u0447\u0435\u043b\u0443 \u0441\u0430\u00a0\u00a0\u00a0\u00a0\u00a0\u00a0\u00a0\u00a0\u00a0\u00a0\u00a0\u00a0\u00a0\u00a0 <strong>dr Marijom Vukomanovi\u0107.<\/strong><\/span><\/p><p><img decoding=\"async\" loading=\"lazy\" class=\"alignnone size-medium wp-image-4605\" src=\"https:\/\/dz.smartnetmedia.rs\/wp-content\/uploads\/2022\/04\/STE_OPS1-300x225.jpg\" alt=\"\" width=\"300\" height=\"225\" srcset=\"https:\/\/dzsvilajnac.com\/wp-content\/uploads\/2022\/04\/STE_OPS1-300x225.jpg 300w, https:\/\/dzsvilajnac.com\/wp-content\/uploads\/2022\/04\/STE_OPS1-1024x768.jpg 1024w, https:\/\/dzsvilajnac.com\/wp-content\/uploads\/2022\/04\/STE_OPS1-768x576.jpg 768w, https:\/\/dzsvilajnac.com\/wp-content\/uploads\/2022\/04\/STE_OPS1.jpg 1440w\" sizes=\"(max-width: 300px) 100vw, 300px\" \/> <img decoding=\"async\" loading=\"lazy\" class=\"alignnone size-medium wp-image-4606\" src=\"https:\/\/dz.smartnetmedia.rs\/wp-content\/uploads\/2022\/04\/STE_OPS2-300x225.jpg\" alt=\"\" width=\"300\" height=\"225\" srcset=\"https:\/\/dzsvilajnac.com\/wp-content\/uploads\/2022\/04\/STE_OPS2-300x225.jpg 300w, https:\/\/dzsvilajnac.com\/wp-content\/uploads\/2022\/04\/STE_OPS2-1024x768.jpg 1024w, https:\/\/dzsvilajnac.com\/wp-content\/uploads\/2022\/04\/STE_OPS2-768x576.jpg 768w, https:\/\/dzsvilajnac.com\/wp-content\/uploads\/2022\/04\/STE_OPS2.jpg 1440w\" sizes=\"(max-width: 300px) 100vw, 300px\" \/> <img decoding=\"async\" loading=\"lazy\" class=\"alignnone size-medium wp-image-4607\" src=\"https:\/\/dz.smartnetmedia.rs\/wp-content\/uploads\/2022\/04\/STE_OPS3-300x225.jpg\" alt=\"\" width=\"300\" height=\"225\" srcset=\"https:\/\/dzsvilajnac.com\/wp-content\/uploads\/2022\/04\/STE_OPS3-300x225.jpg 300w, https:\/\/dzsvilajnac.com\/wp-content\/uploads\/2022\/04\/STE_OPS3-1024x768.jpg 1024w, https:\/\/dzsvilajnac.com\/wp-content\/uploads\/2022\/04\/STE_OPS3-768x576.jpg 768w, https:\/\/dzsvilajnac.com\/wp-content\/uploads\/2022\/04\/STE_OPS3.jpg 1440w\" sizes=\"(max-width: 300px) 100vw, 300px\" \/><\/p>\t\t\t\t\t\t<\/div>\n\t\t\t\t<\/div>\n\t\t\t\t\t<\/div>\n\t\t<\/div>\n\t\t\t\t\t\t\t<\/div>\n\t\t<\/section>\n\t\t\t\t\t\t\t<\/div>","protected":false},"excerpt":{"rendered":"<p>\u00a0\u00a0 SLU\u017dBA ZA ZDRAVSTVENU ZA\u0160TITU ODRASLOG STANOVNI\u0160TVA Slu\u017eba op\u0161te medicine promovi\u0161e zdravlje i posebno je odgovorna za zdravlje zajednice. Primarnu zdrav.za\u0161titu u slu\u017ebi op\u0161te medicine gra\u0111ani ostvaruju preko izabranog lekara koji radi u timu sa medicinskom sestrom. Pacijentima je omogu\u0107eno telefonsko zakazivanje pregleda, kontrola i poseta radi produ\u017eenja terapije za hroni\u010dne bolesti, konsutacije sa svojim&hellip;<\/p>","protected":false},"author":1,"featured_media":0,"parent":0,"menu_order":0,"comment_status":"closed","ping_status":"closed","template":"","meta":[],"_links":{"self":[{"href":"https:\/\/dzsvilajnac.com\/cir\/wp-json\/wp\/v2\/pages\/4233"}],"collection":[{"href":"https:\/\/dzsvilajnac.com\/cir\/wp-json\/wp\/v2\/pages"}],"about":[{"href":"https:\/\/dzsvilajnac.com\/cir\/wp-json\/wp\/v2\/types\/page"}],"author":[{"embeddable":true,"href":"https:\/\/dzsvilajnac.com\/cir\/wp-json\/wp\/v2\/users\/1"}],"replies":[{"embeddable":true,"href":"https:\/\/dzsvilajnac.com\/cir\/wp-json\/wp\/v2\/comments?post=4233"}],"version-history":[{"count":46,"href":"https:\/\/dzsvilajnac.com\/cir\/wp-json\/wp\/v2\/pages\/4233\/revisions"}],"predecessor-version":[{"id":5107,"href":"https:\/\/dzsvilajnac.com\/cir\/wp-json\/wp\/v2\/pages\/4233\/revisions\/5107"}],"wp:attachment":[{"href":"https:\/\/dzsvilajnac.com\/cir\/wp-json\/wp\/v2\/media?parent=4233"}],"curies":[{"name":"wp","href":"https:\/\/api.w.org\/{rel}","templated":true}]}}