{"id":4218,"date":"2022-04-05T14:39:51","date_gmt":"2022-04-05T12:39:51","guid":{"rendered":"https:\/\/dz.smartnetmedia.rs\/?page_id=4218"},"modified":"2024-01-18T09:50:43","modified_gmt":"2024-01-18T08:50:43","slug":"odsek-otorinolaringologije","status":"publish","type":"page","link":"https:\/\/dzsvilajnac.com\/cir\/odsek-otorinolaringologije\/","title":{"rendered":"\u041e\u0434\u0441\u0435\u043a \u043e\u0442\u043e\u0440\u0438\u043d\u043e\u043b\u0430\u0440\u0438\u043d\u0433\u043e\u043b\u043e\u0433\u0438\u0458\u0435"},"content":{"rendered":"<div data-elementor-type=\"wp-page\" data-elementor-id=\"4218\" class=\"elementor elementor-4218\">\n\t\t\t\t\t\t\t\t\t<section class=\"elementor-section elementor-top-section elementor-element elementor-element-ab44a13 elementor-section-boxed elementor-section-height-default elementor-section-height-default\" data-id=\"ab44a13\" data-element_type=\"section\">\n\t\t\t\t\t\t<div class=\"elementor-container elementor-column-gap-default\">\n\t\t\t\t\t<div class=\"elementor-column elementor-col-100 elementor-top-column elementor-element elementor-element-1b21cef\" data-id=\"1b21cef\" data-element_type=\"column\">\n\t\t\t<div class=\"elementor-widget-wrap elementor-element-populated\">\n\t\t\t\t\t\t\t\t<div class=\"elementor-element elementor-element-e77b0b7 elementor-widget elementor-widget-text-editor\" data-id=\"e77b0b7\" data-element_type=\"widget\" data-widget_type=\"text-editor.default\">\n\t\t\t\t<div class=\"elementor-widget-container\">\n\t\t\t\t\t\t\t<p class=\"title\"><span style=\"color: #000000;\"><strong>\u041e\u0434\u0441\u0435\u043a \u043e\u0442\u043e\u0440\u0438\u043d\u043e\u043b\u0430\u0440\u0438\u043d\u0433\u043e\u043b\u043e\u0433\u0438\u0458\u0435<\/strong><\/span><\/p>\n<p><span style=\"color: #000000;\">Slu\u017eba otorinolaringologije (ORL)<\/span><br><span style=\"color: #000000;\">Po\u010dela je sa radom marta 2000.godine.<\/span><br><span style=\"color: #000000;\">Slu\u017eba obavlja delatnost iz pravilnika rada uklju\u010duju\u0107i od 2008.godine i posebne preglede tj.audiometrisku obradu pacijenata.Broj pacijenata i usluga se kre\u0107e normativima zadatim od strane Fonda za zdravstveno osiguranje i za svih ovih osam godina plan je u potpunosti ispunjen.<\/span><\/p>\n<p><span style=\"color: #000000;\">\u0160ef slu\u017ebe<\/span><br><br><\/p>\n<p><img decoding=\"async\" loading=\"lazy\" class=\"alignnone size-medium wp-image-4744\" src=\"https:\/\/dz.smartnetmedia.rs\/wp-content\/uploads\/2022\/04\/STE_001OTO-300x225.jpg\" alt=\"\" width=\"300\" height=\"225\" srcset=\"https:\/\/dzsvilajnac.com\/wp-content\/uploads\/2022\/04\/STE_001OTO-300x225.jpg 300w, https:\/\/dzsvilajnac.com\/wp-content\/uploads\/2022\/04\/STE_001OTO-1024x768.jpg 1024w, https:\/\/dzsvilajnac.com\/wp-content\/uploads\/2022\/04\/STE_001OTO-768x576.jpg 768w, https:\/\/dzsvilajnac.com\/wp-content\/uploads\/2022\/04\/STE_001OTO-16x12.jpg 16w, https:\/\/dzsvilajnac.com\/wp-content\/uploads\/2022\/04\/STE_001OTO.jpg 1440w\" sizes=\"(max-width: 300px) 100vw, 300px\" \/> <img decoding=\"async\" loading=\"lazy\" class=\"alignnone size-medium wp-image-4745\" src=\"https:\/\/dz.smartnetmedia.rs\/wp-content\/uploads\/2022\/04\/STE_002OTO-300x225.jpg\" alt=\"\" width=\"300\" height=\"225\" srcset=\"https:\/\/dzsvilajnac.com\/wp-content\/uploads\/2022\/04\/STE_002OTO-300x225.jpg 300w, https:\/\/dzsvilajnac.com\/wp-content\/uploads\/2022\/04\/STE_002OTO-1024x768.jpg 1024w, https:\/\/dzsvilajnac.com\/wp-content\/uploads\/2022\/04\/STE_002OTO-768x576.jpg 768w, https:\/\/dzsvilajnac.com\/wp-content\/uploads\/2022\/04\/STE_002OTO-16x12.jpg 16w, https:\/\/dzsvilajnac.com\/wp-content\/uploads\/2022\/04\/STE_002OTO.jpg 1440w\" sizes=\"(max-width: 300px) 100vw, 300px\" \/> <img decoding=\"async\" loading=\"lazy\" class=\"alignnone size-medium wp-image-4746\" src=\"https:\/\/dz.smartnetmedia.rs\/wp-content\/uploads\/2022\/04\/STE_003OTO-300x225.jpg\" alt=\"\" width=\"300\" height=\"225\" srcset=\"https:\/\/dzsvilajnac.com\/wp-content\/uploads\/2022\/04\/STE_003OTO-300x225.jpg 300w, https:\/\/dzsvilajnac.com\/wp-content\/uploads\/2022\/04\/STE_003OTO-1024x768.jpg 1024w, https:\/\/dzsvilajnac.com\/wp-content\/uploads\/2022\/04\/STE_003OTO-768x576.jpg 768w, https:\/\/dzsvilajnac.com\/wp-content\/uploads\/2022\/04\/STE_003OTO-16x12.jpg 16w, https:\/\/dzsvilajnac.com\/wp-content\/uploads\/2022\/04\/STE_003OTO.jpg 1440w\" sizes=\"(max-width: 300px) 100vw, 300px\" \/><\/p>\n<p class=\"subtitle\"><span style=\"color: #000000;\"><strong>\u0417\u0430\u043f\u043e\u0441\u043b\u0435\u043d\u0438<\/strong><\/span><\/p>\n<p><span style=\"color: #000000;\">Dr.med. Dejan Stepanovi\u0107, specijalista otorinolaringolog<\/span><br><span style=\"color: #000000;\">Suzana Jevti\u0107, medicinski tehni\u010dar<\/span><\/p>\n<p class=\"subtitle\"><span style=\"color: #000000;\"><strong>\u0420\u0430\u0434\u043d\u043e \u0432\u0440\u0435\u043c\u0435<\/strong><\/span><\/p>\n<p><span style=\"color: #000000;\">Radnim danom : 07 &#8211; 15h<\/span><\/p>\t\t\t\t\t\t<\/div>\n\t\t\t\t<\/div>\n\t\t\t\t\t<\/div>\n\t\t<\/div>\n\t\t\t\t\t\t\t<\/div>\n\t\t<\/section>\n\t\t\t\t\t\t\t<\/div>","protected":false},"excerpt":{"rendered":"<p>Odsek otorinolaringologije Slu\u017eba otorinolaringologije (ORL)Po\u010dela je sa radom marta 2000.godine.Slu\u017eba obavlja delatnost iz pravilnika rada uklju\u010duju\u0107i od 2008.godine i posebne preglede tj.audiometrisku obradu pacijenata.Broj pacijenata i usluga se kre\u0107e normativima zadatim od strane Fonda za zdravstveno osiguranje i za svih ovih osam godina plan je u potpunosti ispunjen. \u0160ef slu\u017ebe Zaposleni Dr.med. Dejan Stepanovi\u0107, specijalista&hellip;<\/p>","protected":false},"author":1,"featured_media":0,"parent":0,"menu_order":0,"comment_status":"closed","ping_status":"closed","template":"","meta":[],"_links":{"self":[{"href":"https:\/\/dzsvilajnac.com\/cir\/wp-json\/wp\/v2\/pages\/4218"}],"collection":[{"href":"https:\/\/dzsvilajnac.com\/cir\/wp-json\/wp\/v2\/pages"}],"about":[{"href":"https:\/\/dzsvilajnac.com\/cir\/wp-json\/wp\/v2\/types\/page"}],"author":[{"embeddable":true,"href":"https:\/\/dzsvilajnac.com\/cir\/wp-json\/wp\/v2\/users\/1"}],"replies":[{"embeddable":true,"href":"https:\/\/dzsvilajnac.com\/cir\/wp-json\/wp\/v2\/comments?post=4218"}],"version-history":[{"count":13,"href":"https:\/\/dzsvilajnac.com\/cir\/wp-json\/wp\/v2\/pages\/4218\/revisions"}],"predecessor-version":[{"id":4980,"href":"https:\/\/dzsvilajnac.com\/cir\/wp-json\/wp\/v2\/pages\/4218\/revisions\/4980"}],"wp:attachment":[{"href":"https:\/\/dzsvilajnac.com\/cir\/wp-json\/wp\/v2\/media?parent=4218"}],"curies":[{"name":"wp","href":"https:\/\/api.w.org\/{rel}","templated":true}]}}