{"id":4186,"date":"2022-04-05T14:31:28","date_gmt":"2022-04-05T12:31:28","guid":{"rendered":"https:\/\/dz.smartnetmedia.rs\/?page_id=4186"},"modified":"2022-04-07T10:46:25","modified_gmt":"2022-04-07T08:46:25","slug":"elementor-4186","status":"publish","type":"page","link":"https:\/\/dzsvilajnac.com\/cir\/elementor-4186\/","title":{"rendered":"\u0424\u0438\u0437\u0438\u043a\u0430\u043b\u043d\u0430 \u043c\u0435\u0434\u0438\u0446\u0438\u043d\u0430 \u0438 \u0440\u0435\u0445\u0430\u0431\u0438\u043b\u0438\u0442\u0430\u0446\u0438\u0458\u0430"},"content":{"rendered":"<div data-elementor-type=\"wp-page\" data-elementor-id=\"4186\" class=\"elementor elementor-4186\">\n\t\t\t\t\t\t\t\t\t<section class=\"elementor-section elementor-top-section elementor-element elementor-element-7c10605 elementor-section-boxed elementor-section-height-default elementor-section-height-default\" data-id=\"7c10605\" data-element_type=\"section\">\n\t\t\t\t\t\t<div class=\"elementor-container elementor-column-gap-default\">\n\t\t\t\t\t<div class=\"elementor-column elementor-col-100 elementor-top-column elementor-element elementor-element-82a8c37\" data-id=\"82a8c37\" data-element_type=\"column\">\n\t\t\t<div class=\"elementor-widget-wrap elementor-element-populated\">\n\t\t\t\t\t\t\t\t<div class=\"elementor-element elementor-element-8cc26ae elementor-widget elementor-widget-text-editor\" data-id=\"8cc26ae\" data-element_type=\"widget\" data-widget_type=\"text-editor.default\">\n\t\t\t\t<div class=\"elementor-widget-container\">\n\t\t\t\t\t\t\t<p><span style=\"color: #000000;\">\u041e\u0434\u0435\u0459\u0435\u045a\u0435 \u0437\u0430 \u0444\u0438\u0437\u0438\u043a\u0430\u043b\u043d\u0443 \u043c\u0435\u0434\u0438\u0446\u0438\u043d\u0443 \u0438 \u0440\u0435\u0445\u0430\u0431\u0438\u043b\u0438\u0442\u0430\u0446\u0438\u0458\u0443 \u043e\u0441\u043d\u043e\u0432\u0430\u043d\u043e \u0458\u0435 1982. \u0433\u043e\u0434\u0438\u043d\u0435, \u0430 \u043e\u0441\u043d\u0438\u0432\u0430\u0447 \u0438 \u043f\u0440\u0432\u0438 \u043d\u0430\u0447\u0435\u043b\u043d\u0438\u043a \u043e\u0434\u0435\u0459\u0435\u045a\u0430 \u0431\u0438\u043e \u0458\u0435 \u0434\u0440 \u041c\u0438\u0440\u043e\u0441\u043b\u0430\u0432 \u041c\u0430\u0440\u043a\u043e\u0432\u0438\u045b, \u0441\u043f\u0435\u0446\u0438\u0458\u0430\u043b\u0438\u0441\u0442\u0430 \u0444\u0438\u0437\u0438\u043a\u0430\u043b\u043d\u0435 \u043c\u0435\u0434\u0438\u0446\u0438\u043d\u0435 \u0438 \u0440\u0435\u0445\u0430\u0431\u0438\u043b\u0438\u0442\u0430\u0446\u0438\u0458\u0435.\u00a0<\/span><\/p><p><span style=\"color: #000000;\"><strong>\u0414<\/strong><strong>\u0415\u041b\u0410\u0422\u041d\u041e\u0421\u0422<\/strong><strong>:<\/strong><\/span><\/p><ul><li><span style=\"color: #000000;\">\u043f\u043e\u0441\u0442 \u0442\u0440\u0430\u0443\u043c\u0430\u0442\u0441\u043a\u0430 \u0438 \u043f\u043e\u0441\u0442 \u043e\u043f\u0435\u0440\u0430\u0442\u0438\u0432\u043d\u0430 \u0441\u0442\u0430\u045a\u0430<\/span><\/li><li><span style=\"color: #000000;\">\u043b\u0435\u0437\u0438\u0458\u0435 \u0446\u0435\u043d\u0442\u0440\u0430\u043b\u043d\u043e\u0433 \u0438 \u043f\u0435\u0440\u0438\u0444\u0435\u0440\u043d\u043e\u0433 \u043c\u043e\u0442\u043e\u0440\u043d\u043e\u0433 \u043d\u0435\u0443\u0440\u043e\u043d\u0430<\/span><\/li><li><span style=\"color: #000000;\">\u043a\u043e\u043d\u0433\u0435\u043d\u0438\u0442\u0430\u043b\u043d\u0435 \u0438 \u0441\u0442\u0435\u0447\u0435\u043d\u0435 \u043c\u0430\u043b\u0444\u043e\u0440\u043c\u0430\u0446\u0438\u0458\u0435 \u0434\u0435\u0447\u0438\u0458\u0435\u0433 \u0443\u0437\u0440\u0430\u0441\u0442\u0430<\/span><\/li><li><span style=\"color: #000000;\">\u0431\u043e\u043b\u0435\u0441\u0442\u0438 \u0437\u0430\u043f\u0430\u0459\u0435\u043d\u0441\u043a\u043e\u0433 \u0438 \u0434\u0435\u0433\u0435\u043d\u0435\u0440\u0430\u0442\u0438\u0432\u043d\u043e\u0433 \u0440\u0435\u0443\u043c\u0430\u0442\u0438\u0437\u043c\u0430<\/span><\/li><\/ul><p><img decoding=\"async\" loading=\"lazy\" class=\"alignnone size-medium wp-image-4321\" src=\"https:\/\/dz.smartnetmedia.rs\/wp-content\/uploads\/2022\/04\/STE_FIZ1-300x225.jpg\" alt=\"\" width=\"300\" height=\"225\" srcset=\"https:\/\/dzsvilajnac.com\/wp-content\/uploads\/2022\/04\/STE_FIZ1-300x225.jpg 300w, https:\/\/dzsvilajnac.com\/wp-content\/uploads\/2022\/04\/STE_FIZ1-1024x768.jpg 1024w, https:\/\/dzsvilajnac.com\/wp-content\/uploads\/2022\/04\/STE_FIZ1-768x576.jpg 768w, https:\/\/dzsvilajnac.com\/wp-content\/uploads\/2022\/04\/STE_FIZ1.jpg 1440w\" sizes=\"(max-width: 300px) 100vw, 300px\" \/> <img decoding=\"async\" loading=\"lazy\" class=\"alignnone size-medium wp-image-4322\" src=\"https:\/\/dz.smartnetmedia.rs\/wp-content\/uploads\/2022\/04\/STE_FIZ2-300x225.jpg\" alt=\"\" width=\"300\" height=\"225\" srcset=\"https:\/\/dzsvilajnac.com\/wp-content\/uploads\/2022\/04\/STE_FIZ2-300x225.jpg 300w, https:\/\/dzsvilajnac.com\/wp-content\/uploads\/2022\/04\/STE_FIZ2-1024x768.jpg 1024w, https:\/\/dzsvilajnac.com\/wp-content\/uploads\/2022\/04\/STE_FIZ2-768x576.jpg 768w, https:\/\/dzsvilajnac.com\/wp-content\/uploads\/2022\/04\/STE_FIZ2.jpg 1440w\" sizes=\"(max-width: 300px) 100vw, 300px\" \/><\/p><p><span style=\"color: #000000;\"><strong>\u0423\u0421\u041b\u0423\u0413\u0415 \u041a\u041e\u0408\u0415 \u0421\u0415 \u041f\u0420\u0423\u0416\u0410\u0408\u0423 \u0417\u0410 \u041b\u0415\u0427\u0415\u040a\u0415:<\/strong><\/span><\/p><ul><li><span style=\"color: #000000;\">\u0413\u0430\u043b\u0432\u0430\u043d\u0441\u043a\u0435 \u0441\u0442\u0440\u0443\u0458\u0435<\/span><\/li><li><span style=\"color: #000000;\">\u0422\u0415\u041d\u0421<\/span><\/li><li><span style=\"color: #000000;\">\u0418\u043d\u0442\u0435\u0440\u0444\u0435\u0440\u0435\u043d\u0442\u0435 \u0441\u0442\u0440\u0443\u0458\u0435<\/span><\/li><li><span style=\"color: #000000;\">\u0414\u0438\u0458\u0430\u0434\u0438\u043d\u0430\u043c\u0441\u043a\u0435 \u0441\u0442\u0440\u0443\u0458\u0435<\/span><\/li><li><span style=\"color: #000000;\">\u0415\u043b\u0435\u043a\u0442\u0440\u043e\u0441\u0442\u0438\u043c\u0443\u043b\u0430\u0446\u0438\u0458\u0430 \u043c\u0438\u0448\u0438\u045b\u0430<\/span><\/li><li><span style=\"color: #000000;\">\u0423\u043b\u0442\u0440\u0430\u0437\u0432\u0443\u0447\u043d\u0430 \u0442\u0435\u0440\u0430\u043f\u0438\u0458\u0430<\/span><\/li><li><span style=\"color: #000000;\">\u041b\u0430\u0441\u0435\u0440\u043e\u0442\u0435\u0440\u0430\u043f\u0438\u0458\u0430<\/span><\/li><li><span style=\"color: #000000;\">\u041c\u0430\u0433\u043d\u0435\u0442\u043e\u0442\u0435\u0440\u0430\u043f\u0438\u0458\u0430<\/span><\/li><li><span style=\"color: #000000;\">\u041f\u0430\u0440\u0430\u0444\u0438\u043d \u043f\u0430\u043a\u043e\u0432\u0430\u045a\u0430<\/span><\/li><li><span style=\"color: #000000;\">\u041b\u0430\u043c\u043f\u0435 \u0437\u0430 \u043f\u0440\u0438\u043c\u0435\u043d\u0443 \u0443 \u0444\u043e\u0442\u043e\u0442\u0435\u0440\u0430\u043f\u0438\u0458\u0438<\/span><\/li><li><span style=\"color: #000000;\">\u041a\u0438\u043d\u0435\u0437\u0438\u0442\u0435\u0440\u0430\u043f\u0438\u0458\u0430<\/span><\/li><\/ul><p><span style=\"color: #000000;\">\u041f\u0430\u0446\u0438\u0458\u0435\u043d\u0442\u0438 \u043c\u043e\u0433\u0443 \u0434\u043e\u045b\u0438 \u043d\u0430 \u043f\u0440\u0435\u0433\u043b\u0435\u0434 \u0438 \u0430\u043c\u0431\u0443\u043b\u0430\u043d\u0442\u043d\u0443 \u0442\u0435\u0440\u0430\u043f\u0438\u0458\u0443 \u0441\u0430 \u043e\u0432\u0435\u0440\u0435\u043d\u0438\u043c\u00a0 \u0443\u043f\u0443\u0442\u043e\u043c \u043e\u0434 \u0438\u0437\u0430\u0431\u0440\u0430\u043d\u043e\u0433 \u0434\u043e\u043a\u0442\u043e\u0440\u0430 \u0438 \u0432\u0430\u0436\u0435\u045b\u043e\u043c \u0437\u0434\u0440\u0430\u0432\u0441\u0442\u0432\u0435\u043d\u043e\u043c \u043a\u045a\u0438\u0436\u0438\u0446\u043e\u043c. \u041f\u043e\u0441\u043b\u0435 \u043e\u0431\u0430\u0432\u0459\u0435\u043d\u043e\u0433 \u043f\u0440\u0435\u0433\u043b\u0435\u0434\u0430 \u0441\u043f\u0435\u0446\u0438\u0458\u0430\u043b\u0438\u0441\u0442\u0435 \u0444\u0438\u0437\u0438\u0458\u0430\u0442\u0440\u0430,\u00a0 \u0437\u0430\u043a\u0430\u0437\u0443\u0458\u0435 \u0441\u0435 \u0444\u0438\u0437\u0438\u043a\u0430\u043b\u043d\u0430 \u0442\u0435\u0440\u0430\u043f\u0438\u0458\u0430 \u043a\u043e\u0458\u0430 \u0441\u0435 \u043e\u0431\u0430\u0432\u0459\u0430 \u0441\u0432\u0430\u043a\u043e\u0433 \u0440\u0430\u0434\u043d\u043e\u0433 \u0434\u0430\u043d\u0430 \u043e\u0441\u0438\u043c \u0432\u0438\u043a\u0435\u043d\u0434\u0430, \u043e\u0434 07-15 \u043d\u0430 \u041e\u0434\u0435\u0459\u0435\u045a\u0443 \u0437\u0430 \u0444\u0438\u0437\u0438\u043a\u0430\u043b\u043d\u0443 \u043c\u0435\u0434\u0438\u0446\u0438\u043d\u0443 \u0438 \u0440\u0435\u0445\u0430\u0431\u0438\u043b\u0438\u0442\u0430\u0446\u0438\u0458\u0443. \u0423\u0441\u043b\u0443\u0433\u0435 \u043f\u0440\u0443\u0436\u0430\u0458\u0443 \u0458\u0435\u0434\u0430\u043d \u0434\u043e\u043a\u0442\u043e\u0440 \u0441\u043f\u0435\u0446\u0438\u0458\u0430\u043b\u0438\u0441\u0442\u0430, \u0458\u0435\u0434\u0430\u043d \u043c\u0435\u0434\u0438\u0446\u0438\u043d\u0441\u043a\u0438 \u0442\u0435\u0445\u043d\u0438\u0447\u0430\u0440, \u0442\u0440\u0438 \u0444\u0438\u0437\u0438\u043e\u0442\u0435\u0440\u0430\u043f\u0435\u0443\u0442\u0430.<\/span><\/p><p><span style=\"color: #000000;\"><strong>\u0428\u0435\u0444 <\/strong><strong>\u043e\u0434\u0435\u0459\u0435\u045a\u0430:<\/strong><\/span><\/p><p><span style=\"color: #000000;\">\u0414\u0440 \u0414\u0430\u0440\u043a\u043e \u0408\u0435\u0432\u0442\u0438\u045b, \u0441\u043f\u0435\u0446\u0438\u0458\u0430\u043b\u0438\u0441\u0442\u0430 \u0444\u0438\u0437\u0438\u043a\u0430\u043b\u043d\u0435 \u043c\u0435\u0434\u0438\u0446\u0438\u043d\u0435 \u0438 \u0440\u0435\u0445\u0430\u0431\u0438\u043b\u0438\u0442\u0430\u0446\u0438\u0458\u0435<\/span><\/p><p><span style=\"color: #000000;\"><strong>\u0413\u043b\u0430\u0432\u043d\u0438 \u0444\u0438\u0437\u0438\u043e\u0442\u0435\u0440\u0430\u043f\u0435\u0443\u0442:<\/strong><\/span><\/p><p><span style=\"color: #000000;\">\u0414\u0440\u0430\u0433\u0430\u043d\u0430 \u041c\u0430\u043d\u043e\u0458\u043b\u043e\u0432\u0438\u045b, \u0432\u0438\u0448\u0438 \u0444\u0438\u0437\u0438\u043e\u0442\u0435\u0440\u0430\u043f\u0435\u0443\u0442<\/span><\/p><p><span style=\"color: #000000;\"><strong>\u0420\u0430\u0434\u043d\u043e \u0432\u0440\u0435\u043c\u0435 \u043e\u0434\u0435\u0459\u0435\u045a\u0430:<\/strong>\u00a0 07\u0441\u0430\u0442\u0438 \u2013 15\u0441\u0430\u0442\u0438<\/span><\/p><p><span style=\"color: #000000;\"><strong>\u041a\u043e\u043d\u0442\u0430\u043a\u0442 \u0442\u0435\u043b\u0435\u0444\u043e\u043d:<\/strong>\u00a0 035\/ 312-477<\/span><\/p>\t\t\t\t\t\t<\/div>\n\t\t\t\t<\/div>\n\t\t\t\t<div class=\"elementor-element elementor-element-832cfa1 gallery-spacing-custom elementor-widget elementor-widget-image-gallery\" data-id=\"832cfa1\" data-element_type=\"widget\" data-widget_type=\"image-gallery.default\">\n\t\t\t\t<div class=\"elementor-widget-container\">\n\t\t\t\t\t<div class=\"elementor-image-gallery\">\n\t\t\t\n\t\t\t<style type='text\/css'>\n\t\t\t\t#gallery-1 {\n\t\t\t\t\tmargin: auto;\n\t\t\t\t}\n\t\t\t\t#gallery-1 .gallery-item {\n\t\t\t\t\tfloat: left;\n\t\t\t\t\tmargin-top: 10px;\n\t\t\t\t\ttext-align: center;\n\t\t\t\t\twidth: 25%;\n\t\t\t\t}\n\t\t\t\t#gallery-1 img {\n\t\t\t\t\tborder: 2px solid #cfcfcf;\n\t\t\t\t}\n\t\t\t\t#gallery-1 .gallery-caption {\n\t\t\t\t\tmargin-left: 0;\n\t\t\t\t}\n\t\t\t\t\/* see gallery_shortcode() in wp-includes\/media.php *\/\n\t\t\t<\/style>\n\t\t<div id='gallery-1' class='dt-gallery-container gallery galleryid-4186 gallery-columns-4 gallery-size-medium_large'><dl class='gallery-item'>\n\t\t\t\t<dt class='gallery-icon landscape'>\n\t\t\t\t\t<a class=\"rollover rollover-zoom dt-pswp-item\" title=\"STE_FIZ3\" data-dt-img-description=\"\" data-large_image_width=\"1440\" data-large_image_height=\"1080\" href='https:\/\/dzsvilajnac.com\/wp-content\/uploads\/2022\/04\/STE_FIZ3.jpg'><img width=\"768\" height=\"576\" src=\"https:\/\/dzsvilajnac.com\/wp-content\/uploads\/2022\/04\/STE_FIZ3-768x576.jpg\" class=\"attachment-medium_large size-medium_large\" alt=\"\" decoding=\"async\" loading=\"lazy\" srcset=\"https:\/\/dzsvilajnac.com\/wp-content\/uploads\/2022\/04\/STE_FIZ3-768x576.jpg 768w, https:\/\/dzsvilajnac.com\/wp-content\/uploads\/2022\/04\/STE_FIZ3-300x225.jpg 300w, https:\/\/dzsvilajnac.com\/wp-content\/uploads\/2022\/04\/STE_FIZ3-1024x768.jpg 1024w, https:\/\/dzsvilajnac.com\/wp-content\/uploads\/2022\/04\/STE_FIZ3.jpg 1440w\" sizes=\"(max-width: 768px) 100vw, 768px\" \/><\/a>\n\t\t\t\t<\/dt><\/dl><dl class='gallery-item'>\n\t\t\t\t<dt class='gallery-icon landscape'>\n\t\t\t\t\t<a class=\"rollover rollover-zoom dt-pswp-item\" title=\"STE_FIZ4\" data-dt-img-description=\"\" data-large_image_width=\"1440\" data-large_image_height=\"1080\" href='https:\/\/dzsvilajnac.com\/wp-content\/uploads\/2022\/04\/STE_FIZ4.jpg'><img width=\"768\" height=\"576\" src=\"https:\/\/dzsvilajnac.com\/wp-content\/uploads\/2022\/04\/STE_FIZ4-768x576.jpg\" class=\"attachment-medium_large size-medium_large\" alt=\"\" decoding=\"async\" loading=\"lazy\" srcset=\"https:\/\/dzsvilajnac.com\/wp-content\/uploads\/2022\/04\/STE_FIZ4-768x576.jpg 768w, https:\/\/dzsvilajnac.com\/wp-content\/uploads\/2022\/04\/STE_FIZ4-300x225.jpg 300w, https:\/\/dzsvilajnac.com\/wp-content\/uploads\/2022\/04\/STE_FIZ4-1024x768.jpg 1024w, https:\/\/dzsvilajnac.com\/wp-content\/uploads\/2022\/04\/STE_FIZ4.jpg 1440w\" sizes=\"(max-width: 768px) 100vw, 768px\" \/><\/a>\n\t\t\t\t<\/dt><\/dl>\n\t\t\t\t<br style='clear: both' \/>\n\t\t\t<\/div>\n\t\t<\/div>\n\t\t\t\t<\/div>\n\t\t\t\t<\/div>\n\t\t\t\t\t<\/div>\n\t\t<\/div>\n\t\t\t\t\t\t\t<\/div>\n\t\t<\/section>\n\t\t\t\t\t\t\t<\/div>","protected":false},"excerpt":{"rendered":"<p>Odeljenje za fizikalnu medicinu i rehabilitaciju osnovano je 1982. godine, a osniva\u010d i prvi na\u010delnik odeljenja bio je dr Miroslav Markovi\u0107, specijalista fizikalne medicine i rehabilitacije.\u00a0 DELATNOST: post traumatska i post operativna stanja lezije centralnog i perifernog motornog neurona kongenitalne i ste\u010dene malformacije de\u010dijeg uzrasta bolesti zapaljenskog i degenerativnog reumatizma USLUGE KOJE SE PRU\u017dAJU ZA&hellip;<\/p>","protected":false},"author":1,"featured_media":0,"parent":0,"menu_order":0,"comment_status":"closed","ping_status":"closed","template":"","meta":[],"_links":{"self":[{"href":"https:\/\/dzsvilajnac.com\/cir\/wp-json\/wp\/v2\/pages\/4186"}],"collection":[{"href":"https:\/\/dzsvilajnac.com\/cir\/wp-json\/wp\/v2\/pages"}],"about":[{"href":"https:\/\/dzsvilajnac.com\/cir\/wp-json\/wp\/v2\/types\/page"}],"author":[{"embeddable":true,"href":"https:\/\/dzsvilajnac.com\/cir\/wp-json\/wp\/v2\/users\/1"}],"replies":[{"embeddable":true,"href":"https:\/\/dzsvilajnac.com\/cir\/wp-json\/wp\/v2\/comments?post=4186"}],"version-history":[{"count":17,"href":"https:\/\/dzsvilajnac.com\/cir\/wp-json\/wp\/v2\/pages\/4186\/revisions"}],"predecessor-version":[{"id":4519,"href":"https:\/\/dzsvilajnac.com\/cir\/wp-json\/wp\/v2\/pages\/4186\/revisions\/4519"}],"wp:attachment":[{"href":"https:\/\/dzsvilajnac.com\/cir\/wp-json\/wp\/v2\/media?parent=4186"}],"curies":[{"name":"wp","href":"https:\/\/api.w.org\/{rel}","templated":true}]}}